- 5. Let h be m(-4). Let n = h + -25. Suppose -2*d + 4*y + 26 = 0, -2*d + 4*d - 2*y - 18 = 0. What is the remainder when n is divided by d?
4
Let t = 143 - 82. What is the remainder when t is divided by 16?
13
Let b = 611 + -605. Suppose -4*s - 2 = -10, -o = 5*s - 27. Calculate the remainder when o is divided by b.
5
Let q = 7 + 10. Calculate the remainder when 29 is divided by q.
12
Suppose 0 = 5*y - 4*y - 13. Calculate the remainder when 89 is divided by y.
11
Let a(r) = 2*r. Let c be a(1). Let u(i) = 12*i**2 - 2*i. What is the remainder when u(c) is divided by 4*4 + (-1)/1?
14
Suppose 2*x - 5*h = 8, 2*x - h - 8 = -0*h. Suppose -x*o + 4*z + 300 = 0, -277 - 98 = -5*o - z. Calculate the remainder when o is divided by 19.
18
Let r(f) = -8*f + 3. Let m(h) = 7*h - 2. Let s(q) = 6*m(q) + 5*r(q). What is the remainder when 26 is divided by s(3)?
8
Suppose -40 + 4 = -2*n. What is the remainder when n is divided by 10?
8
Suppose 4 = 5*l - 3*l. Suppose 0*q - q = 0, -l*m + 5*q + 8 = 0. Suppose 0 = -g - m*g + 3*k + 17, g - 8 = -4*k. Calculate the remainder when 6 is divided by g.
2
Let y = -11 - -15. Suppose 2*o - 6*o = -4*r + 84, -y*o + 35 = 3*r. Let u = 26 - -24. Calculate the remainder when u is divided by r.
16
Suppose -28 = a - 3*a. Let q = 237 - 334. Let m = q + 138. What is the remainder when m is divided by a?
13
Let i be (-405)/12 + 3/(-12). Let m = -23 - i. Calculate the remainder when 41 is divided by m.
8
What is the remainder when (49/(-21))/(2/(-6)) is divided by 3?
1
Let s(i) = i**2 - 6*i + 12. Calculate the remainder when s(6) is divided by 4.
0
Let y = 20 + -17. Suppose 4*s = -y*f + 51, 3*f + 43 = 5*s - 41. Calculate the remainder when 57 is divided by s.
12
Let x = 68 + -45. Suppose 2*c + 4*v - 38 = 0, 0 = -c - 2*v - 2*v + x. What is the remainder when 28 is divided by c?
13
Suppose -h = -3*s + 25, -2*s - 3*h = 2*h + 6. Let x = s + -3. Suppose 4*b = x*v + 100, 51 = 4*b - b + 5*v. What is the remainder when b is divided by 8?
6
Let w(z) = -3*z + 4. Let p = -17 - -11. Calculate the remainder when 64 is divided by w(p).
20
Let f(l) = 2*l**2 + 11*l - 3. Let c = -10 + 23. What is the remainder when f(-8) is divided by c?
11
Let h(z) = -13*z - 2. Let y be 3/(-3) - (-1 + 3). What is the remainder when h(y) is divided by 13?
11
Let b(g) = 7*g**2 - 1. What is the remainder when b(-3) is divided by 16?
14
Suppose -3 - 3 = 3*s, 3*q = -4*s - 170. Calculate the remainder when (-40)/6*q/15 is divided by 9.
6
Let a(n) = -n**2 - 15*n - 10. Calculate the remainder when a(-7) is divided by 24.
22
Let s(k) = -2*k - 5. Calculate the remainder when s(-7) is divided by 6.
3
Let q be (0 - -3) + (-3 - -6). What is the remainder when 14 is divided by (-2)/(3/q*-1)?
2
Let g(j) = -j**3 + 6*j + 5. Suppose 2*y - 3*v - 30 - 12 = 0, 3*y = -3*v + 33. What is the remainder when g(-4) is divided by y/10*(-16)/(-2)?
9
Suppose 2*n = -n + 15. Suppose -4*s - n*f = -175, s + 0*f - 60 = 2*f. Calculate the remainder when s is divided by 17.
16
Let r(p) = -p**2 + 0*p - 3*p + 7 + 8*p. Let b(m) = m**2 - 5*m - 7. Let f(n) = 5*b(n) + 6*r(n). Calculate the remainder when f(6) is divided by 1.
0
Suppose -5*s = -77 - 3. Calculate the remainder when s is divided by 9.
7
Let m = -296 + 429. What is the remainder when m is divided by 34?
31
Suppose 0*h = h - 15. Suppose 3*q = 17*s - 13*s - 227, -3*q = 4*s - 221. Calculate the remainder when s is divided by h.
11
Let m(u) = u**3 - 7*u**2 - 9*u - 2. Let f be m(7). Let s = f - -110. Calculate the remainder when s is divided by 23.
22
Suppose o + 150 = 6*o. Calculate the remainder when 116 is divided by o.
26
Let k(y) = y**3 - 6*y**2 + 5*y + 7. Suppose 0 = 3*j - 17 + 2. Suppose -7*f + 18 = -f. Calculate the remainder when k(j) is divided by f.
1
Let m(b) be the second derivative of -b**5/20 - b**4/12 - 43*b**2/2 + 3*b. Let i be m(0). Let g = -29 - i. Calculate the remainder when 54 is divided by g.
12
Let g = 8 - 5. Suppose v = -2*s + 12 - 3, 0 = -v + s - 6. Let h = 4 - v. Calculate the remainder when h is divided by g.
2
Suppose -5*y = 4*g - 61, 3*y - 4*g = 2*y + 17. What is the remainder when 24 is divided by y?
11
Let b be (-8)/36 - 16/9. Let w(c) = c**3 + 5*c**2 + 2*c + 3. Calculate the remainder when 53 is divided by w(b).
9
Let k be 160/(-15)*(-6)/4. Let q = k + -5. Calculate the remainder when q is divided by 3.
2
Let i(z) = 4*z**3 - 9*z**2 - z + 4. Let b(l) = 11*l**3 - 26*l**2 - 4*l + 12. Let d(r) = -3*b(r) + 8*i(r). Calculate the remainder when 58 is divided by d(6).
18
Suppose g + 3 = -2*g. Let n = -1 - g. Suppose -3*k + 156 = -n*k. Calculate the remainder when k is divided by 18.
16
Suppose -99 = -3*h - 3. Let f = h + -16. Calculate the remainder when 47 is divided by f.
15
Suppose -29*j + 24*j = -315. Calculate the remainder when j is divided by 8.
7
Suppose 2 - 9 = -f. Calculate the remainder when (-2)/(-6) - (-70)/6 is divided by f.
5
Let j = 16 - 3. Let a(q) = -q - 15. Let d be a(0). What is the remainder when ((-114)/d)/(2/10) is divided by j?
12
Let w = -7 - -11. Suppose -4*c = -2*c - w. Suppose 0 = c*j - 4*j + 46. Calculate the remainder when j is divided by 6.
5
Let p(q) = q - 3. Let f = -8 - -11. Let c be p(f). Suppose 3*t + 6 = 0, c*i + 2*i - 22 = -3*t. What is the remainder when i is divided by 4?
2
Let c = -192 - -128. Calculate the remainder when (-1904)/c + 3/(-4) is divided by 10.
9
Suppose 0 = 4*u + u - 150. What is the remainder when u is divided by (5 + -1 - 2)*4?
6
Let w be (-8)/6*18/(-4). Suppose -70 = -w*z + z. Calculate the remainder when z is divided by 8.
6
Suppose 4*t - 15 = -t. Suppose h - t = -0*h. What is the remainder when (8/12)/(1/6) is divided by h?
1
Let a = 23 - 18. Calculate the remainder when 7 is divided by a.
2
Let k = -143 + 223. Suppose 4*s + k = 6*s. Calculate the remainder when s is divided by 11.
7
Let g be (-18)/(-5) - (-8)/20. Suppose -22 - 20 = -3*q. Calculate the remainder when q is divided by (-8 - (1 - g))/(-1).
4
What is the remainder when 12 is divided by ((-1)/1 - -1) + 9 + -1?
4
What is the remainder when 27 is divided by 1 + (2 - (-1 - 11))?
12
Calculate the remainder when 81*((-20)/10 + -1 + 4) is divided by 21.
18
Let k be (138/(-5))/(6/(-20)). Suppose 2*f = -2*f + k. What is the remainder when f is divided by 6?
5
Suppose k + 5*m - 36 = 0, -4*k + 4*m - 2*m = -166. Suppose -7*v + 72 = -5. Calculate the remainder when k is divided by v.
8
Let c = -13 - -33. What is the remainder when (38/3)/(2/6) is divided by c?
18
Let m = -4 + 33. Let s = -18 - -28. What is the remainder when m is divided by s?
9
Suppose -2*f - 140 = 4*a, -a - 54 = a + 5*f. Let j = -25 - a. What is the remainder when 35 is divided by j?
11
Let b = 2 + 4. Let d(q) = -q**3 + 5*q**2 + q - 4. What is the remainder when d(4) is divided by b?
4
Suppose 0*v = -5*v - 3*m + 37, 0 = 2*v - 5*m - 21. Let f = v - 11. Let u = 12 - f. Calculate the remainder when 43 is divided by u.
13
Let o(d) = -d. Let i be 2/6*(-1 - -7). Suppose 2*r - 8 = 3*u, 5*r + 27 = -i*u + 2*r. What is the remainder when 10 is divided by o(u)?
4
Let y be ((3 - -3)*1)/2. Calculate the remainder when 40/2 + (y - 0) is divided by 12.
11
Let t(b) = b + 7. Let o = -2 + 2. Suppose -2*d - 3*r + 14 = o, 3*d - 5*r + 3*r - 34 = 0. What is the remainder when d is divided by t(-4)?
1
Let k = 96 - 84. What is the remainder when 2/7 - (-486)/14 is divided by k?
11
Suppose -3*l + 99 = -3*m, -m - 36 = 4*l - 2*l. Let j = -24 - m. What is the remainder when j is divided by ((-3)/(9/12))/(-1)?
2
Suppose -w = -90 - 154. Suppose 4*h - w + 88 = 0. What is the remainder when h is divided by 20?
19
Let m be (-4)/5*(-6 + 1). Let j = 7 - -1. Calculate the remainder when (15/(-4))/(m/(-16)) is divided by j.
7
Let l = 26 + 0. What is the remainder when l is divided by 7?
5
Let o(s) = s**2 - 8*s + 8. What is the remainder when o(-9) is divided by 33?
29
Suppose 3*t = 3, -5*s - 4 = -3*t - 31. Calculate the remainder when 21 is divided by s.
3
Let k = 9 - -5. What is the remainder when 13/(0 + 3/6) is divided by k?
12
Suppose a + w = -13 + 50, 3*a - 115 = -w. Let x be 0 - (0/1 + -6). Suppose -4*i + x*i - 28 = 0. Calculate the remainder when a is divided by i.
11
Let y be ((-18)/4)/(15/(-100)). Let g = y + -19. What is the remainder when 20 is divided by g?
9
Suppose 6 + 2 